 the prime factors of 10736?
2, 11, 61
List the prime factors of 351.
3, 13
List the prime factors of 79476.
2, 3, 37, 179
List the prime factors of 25281.
3, 53
What are the prime factors of 12438?
2, 3, 691
What are the prime factors of 1864?
2, 233
What are the prime factors of 124761?
3, 7, 13, 457
List the prime factors of 18753.
3, 7, 19, 47
List the prime factors of 1429.
1429
List the prime factors of 216.
2, 3
List the prime factors of 9520.
2, 5, 7, 17
What are the prime factors of 17256?
2, 3, 719
List the prime factors of 1563.
3, 521
What are the prime factors of 58699?
58699
List the prime factors of 62310.
2, 3, 5, 31, 67
What are the prime factors of 284?
2, 71
What are the prime factors of 31748?
2, 7937
List the prime factors of 6288.
2, 3, 131
What are the prime factors of 12040?
2, 5, 7, 43
What are the prime factors of 1023?
3, 11, 31
What are the prime factors of 190961?
17, 47, 239
List the prime factors of 636.
2, 3, 53
List the prime factors of 602.
2, 7, 43
List the prime factors of 1586.
2, 13, 61
What are the prime factors of 1159?
19, 61
List the prime factors of 86469.
3, 19, 37, 41
What are the prime factors of 15953?
7, 43, 53
List the prime factors of 9516.
2, 3, 13, 61
What are the prime factors of 666?
2, 3, 37
List the prime factors of 27940.
2, 5, 11, 127
List the prime factors of 71880.
2, 3, 5, 599
List the prime factors of 1408.
2, 11
List the prime factors of 301.
7, 43
What are the prime factors of 17375?
5, 139
List the prime factors of 34728.
2, 3, 1447
List the prime factors of 27971.
83, 337
List the prime factors of 19442.
2, 9721
List the prime factors of 1797.
3, 599
What are the prime factors of 6762?
2, 3, 7, 23
List the prime factors of 15238.
2, 19, 401
What are the prime factors of 66455?
5, 13291
What are the prime factors of 46939?
73, 643
List the prime factors of 1020.
2, 3, 5, 17
What are the prime factors of 127?
127
What are the prime factors of 54124?
2, 7, 1933
List the prime factors of 2450.
2, 5, 7
What are the prime factors of 581?
7, 83
List the prime factors of 81994.
2, 11, 3727
List the prime factors of 28646.
2, 14323
What are the prime factors of 1234?
2, 617
List the prime factors of 21240.
2, 3, 5, 59
List the prime factors of 48741.
3, 7, 11, 211
What are the prime factors of 1165?
5, 233
List the prime factors of 9501.
3, 3167
What are the prime factors of 3925?
5, 157
What are the prime factors of 582?
2, 3, 97
What are the prime factors of 16589?
53, 313
What are the prime factors of 4269?
3, 1423
List the prime factors of 4632.
2, 3, 193
List the prime factors of 10671.
3, 3557
What are the prime factors of 113421?
3, 7, 11, 491
List the prime factors of 928.
2, 29
List the prime factors of 2076.
2, 3, 173
What are the prime factors of 65417?
11, 19, 313
What are the prime factors of 67360?
2, 5, 421
List the prime factors of 3384.
2, 3, 47
What are the prime factors of 4730?
2, 5, 11, 43
List the prime factors of 8754.
2, 3, 1459
What are the prime factors of 24276?
2, 3, 7, 17
What are the prime factors of 16002?
2, 3, 7, 127
List the prime factors of 28360.
2, 5, 709
What are the prime factors of 16404?
2, 3, 1367
List the prime factors of 59892.
2, 3, 7, 23, 31
List the prime factors of 45855.
3, 5, 1019
What are the prime factors of 1397?
11, 127
What are the prime factors of 921?
3, 307
What are the prime factors of 333?
3, 37
What are the prime factors of 1615?
5, 17, 19
What are the prime factors of 500?
2, 5
What are the prime factors of 2095?
5, 419
What are the prime factors of 115965?
3, 5, 859
What are the prime factors of 9630?
2, 3, 5, 107
List the prime factors of 560.
2, 5, 7
What are the prime factors of 41852?
2, 10463
List the prime factors of 781.
11, 71
List the prime factors of 8839.
8839
List the prime factors of 8886.
2, 3, 1481
What are the prime factors of 1233?
3, 137
What are the prime factors of 711?
3, 79
What are the prime factors of 1527?
3, 509
List the prime factors of 2975.
5, 7, 17
List the prime factors of 30532.
2, 17, 449
What are the prime factors of 3293?
37, 89
What are the prime factors of 668?
2, 167
List the prime factors of 5690.
2, 5, 569
List the prime factors of 1200.
2, 3, 5
List the prime factors of 103900.
2, 5, 1039
List the prime factors of 8746.
2, 4373
List the prime factors of 938.
2, 7, 67
What are the prime factors of 2769?
3, 13, 71
What are the prime factors of 151743?
3, 50581
List the prime factors of 15020.
2, 5, 751
What are the prime factors of 443?
443
List the prime factors of 10021.
11, 911
List the prime factors of 1533.
3, 7, 73
What are the prime factors of 204?
2, 3, 17
What are the prime factors of 1654?
2, 827
List the prime factors of 3865.
5, 773
List the prime factors of 171729.
3, 19081
What are the prime factors of 675?
3, 5
List the prime factors of 15939.
3, 7, 11, 23
What are the prime factors of 800?
2, 5
List the prime factors of 3715.
5, 743
What are the prime factors of 5243?
7, 107
What are the prime factors of 51394?
2, 7, 3671
What are the prime factors of 1416?
2, 3, 59
List the prime factors of 12414.
2, 3, 2069
What are the prime factors of 1493?
1493
List the prime factors of 327.
3, 109
List the prime factors of 1662.
2, 3, 277
What are the prime factors of 2658?
2, 3, 443
What are the prime factors of 32440?
2, 5, 811
What are the prime factors of 3501?
3, 389
What are the prime factors of 16738?
2, 8369
List the prime factors of 1183.
7, 13
What are the prime factors of 1512?
2, 3, 7
What are the prime factors of 495?
3, 5, 11
List the prime factors of 81190.
2, 5, 23, 353
List the prime factors of 3700.
2, 5, 37
List the prime factors of 90238.
2, 45119
List the prime factors of 71692.
2, 17923
List the prime factors of 27623.
23, 1201
List the prime factors of 66786.
2, 3, 11131
What are the prime factors of 3559?
3559
What are the prime factors of 8939?
7, 1277
List the prime factors of 10405.
5, 2081
What are the prime factors of 60804?
2, 3, 563
List the prime factors of 19210.
2, 5, 17, 113
List the prime factors of 93470.
2, 5, 13, 719
What are the prime factors of 1208?
2, 151
List the prime factors of 1643.
31, 53
List the prime factors of 48541.
48541
What are the prime factors of 17504?
2, 547
What are the prime factors of 987?
3, 7, 47
List the prime factors of 28501.
11, 2591
List the prime factors of 826.
2, 7, 59
List the prime factors of 42548.
2, 11, 967
List the prime factors of 4425.
3, 5, 59
List the prime factors of 55745.
5, 11149
What are the prime factors of 163298?
2, 81649
What are the prime factors of 2831?
19, 149
What are the prime factors of 12324?
2, 3, 13, 79
What are the prime factors of 8008?
2, 7, 11, 13
List the prime factors of 986.
2, 17, 29
List the prime factors of 1180.
2, 5, 59
List the prime factors of 8387.
8387
What are the prime factors of 811?
811
What are the prime factors of 5123?
47, 109
List the prime factors of 4044.
2, 3, 337
What are the prime factors of 1960?
2, 5, 7
List the prime factors of 23665.
5, 4733
List the prime factors of 83821.
109, 769
What are the prime factors of 12524?
2, 31, 101
List the prime factors of 206.
2, 103
What are the prime factors of 115049?
11, 10459
List the prime factors of 2133.
3, 79
What are the prime factors of 11341?
11, 1031
List the prime factors of 319.
11, 29
List the prime factors of 233.
233
What are the prime factors of 36616?
2, 23, 199
What are the prime factors of 10589?
10589
List the prime factors of 22535.
5, 4507
List the prime factors of 40946.
2, 59, 347
What are the prime factors of 96409?
229, 421
What are the prime factors of 26452?
2, 17, 389
What are the prime factors of 6198?
2, 3, 1033
What are the prime factors of 28903?
7, 4129
List the prime factors of 46098.
2, 3, 13, 197
List the prime factors of 84749.
7, 12107
What are the prime factors of 4566?
2, 3, 761
List the prime factors of 994.
2, 7, 71
List the prime factors of 110844.
2, 3, 3079
What are the prime factors of 8037?
3, 19, 47
What are the prime factors of 3122?
2, 7, 223
List the prime factors of 1552.
2, 97
List the prime factors of 7531.
17, 443
List the prime factors of 1488.
2, 3, 31
What are the prime factors of 7841?
7841
What are the prime factors of 28784?
2, 7, 257
List the prim